35 - p. What is the tens digit of g?
4
Let d(p) = -111*p**2 - 2*p + 2. Let w(u) = -112*u**2 - u + 1. Let j(b) = 6*d(b) - 7*w(b). What is the tens digit of j(1)?
1
What is the hundreds digit of -5 + 107 + -6 + 9?
1
Let b = -1776 - -3601. What is the thousands digit of b?
1
Let y(w) = -w - 8. Let f be y(-10). Suppose 11 + 11 = -f*s. Let v(j) = j**3 + 10*j**2 - 12*j + 13. What is the tens digit of v(s)?
2
Let u be (2331/148)/(10/8 - 1). Let r = u + 87. What is the hundreds digit of r?
1
Let p(n) = -4*n - 23. Let t be p(-8). Suppose b - 5*v = 15, 0 = -4*v + 1 - t. Suppose b*w - x - 69 = -4*x, w - 27 = -5*x. What is the tens digit of w?
1
Let b be (2 - -1)*(-26)/(-39). Suppose -d + 6*d = r - 63, -b*r = -d - 99. What is the units digit of r?
8
Let u = 34 + -34. Let v = u + 9. What is the units digit of v?
9
Suppose -8*j + 2*j - 876 = 0. Let h = 204 + j. What is the tens digit of h?
5
Let v(u) = -u**2 + 61*u + 50. What is the tens digit of v(28)?
7
Let m(o) = 2*o - 23. Let b be m(14). Suppose -5*s - l = -3*s - 125, -5*s - 2*l = -313. Suppose -2*u = -q + 28, -5*q - b*u + 2 = -s. What is the tens digit of q?
1
Let r = -21 + 17. What is the tens digit of (-1237)/(-13) + -1*r/(-26)?
9
Let n be -73 - (0 - (-4)/4). Let v = n + 160. What is the units digit of v?
6
Let h(u) = u**2 + 20*u - 50. Let i be h(-22). What is the units digit of (2300/69)/((-4)/i)?
0
Let g(p) = -10*p. Let s be g(-7). Let y = -44 + s. What is the units digit of y?
6
Suppose 2*l = 4*p - 6, -4*p + 5*l + 4 = -17. Let d(x) = 2*x - 2. Let z be d(p). Let a = 23 + z. What is the tens digit of a?
1
What is the units digit of (0 + (-4)/32*4)*-118?
9
What is the thousands digit of (59 + -3)/(-8) - -3130?
3
Let p = -4 - -4. Suppose p*o = 2*o - 98. Suppose 0 = -w - 5*a + 52, 4*a + o = 2*w + 15. What is the units digit of w?
7
Let k(w) = -48*w - 33. Let q be k(-5). Suppose 2*c - q = p, 9*p = 5*c + 10*p - 528. What is the tens digit of c?
0
Suppose -3*p = p - 8. Let g be (98/(-21) + 5)*408. What is the units digit of (g/6)/(p/3)?
4
Let t(v) = 64*v**3 - 3*v**2 - 8*v - 5. Let f be t(-2). Let l be -1*4/6*27. What is the tens digit of 4/3*f/l?
3
Let v be -276 - 5/(-10)*-8. Let r(t) = -t**2 - 4*t - 2. Let l be r(-3). What is the tens digit of (v/14)/(-1*l)?
2
Let y = -4 + 4. Suppose 2*a - a = -4*i + 19, y = 3*i + 2*a - 18. Suppose i*l - 2*l = 44. What is the tens digit of l?
2
Suppose 41*l - 8048 = 131721. What is the tens digit of l?
0
Let r(i) = i**2 - 5*i + 1. Let v be r(9). Suppose -g = h - 33, g + 4*h + 13 = v. What is the units digit of g?
6
Let t = -1086 + 2402. What is the thousands digit of t?
1
What is the units digit of ((-13)/3 - -4)*(2 + -1511)?
3
Let a(j) = 44*j - 375. What is the units digit of a(12)?
3
Let a = -24 + 10. Let y(t) = -t**3 + 13*t**2 + 15*t + 15. Let w(m) = 3*m**3 - 25*m**2 - 31*m - 31. Let q(k) = 2*w(k) + 5*y(k). What is the tens digit of q(a)?
2
Suppose 7*v + 764 = 4453. What is the hundreds digit of v?
5
Let g = 1342 - 872. What is the units digit of g?
0
Let m(q) = 2*q - 12. Let b be m(6). Suppose n + 3 = 2*s, -3*s + b*n + 15 = 2*n. Suppose -s*u + 55 = -23. What is the units digit of u?
6
Let o = -15 + -1. Let m = -1 - o. What is the tens digit of -5*-3*24/m?
2
Let t(p) = p**2 + 3*p + 3. Let a be t(-3). Suppose -6 = a*i - i. Let f(m) = -14*m. What is the tens digit of f(i)?
4
Let o(u) = -13*u**2 - 8*u - 19. Let z be (-1)/((-3)/30) - 3. Let w(i) = -9*i**2 - 5*i - 13. Let j(b) = z*w(b) - 5*o(b). What is the tens digit of j(-5)?
2
Let m = -11 + -2. Let u(b) = 18*b + 13 - 22 - 21*b. What is the units digit of u(m)?
0
Suppose 0 = -v + 15*v - 266. Suppose -v*i - 1312 = -27*i. What is the units digit of i?
4
Let i = -12 + 13. What is the units digit of 20/(i + -6) + 36?
2
Suppose k = 3*a + 657, 0*k = k - 5*a - 657. What is the tens digit of k?
5
Let n(v) = -v**2 + 14*v - 17. Let j be n(12). Suppose -6*r = -j - 11. Suppose -2*o - 3*o + 195 = 5*a, 0 = -r*a - 12. What is the tens digit of o?
4
Let i(c) = 2*c**3 + 22*c**2 - 14*c + 15. What is the tens digit of i(-9)?
6
Let d(a) = -49*a**2 + 43*a - 14. Let n(j) = 17*j**2 - 15*j + 5. Let l(x) = -6*d(x) - 17*n(x). Suppose 2*f = f + 3. What is the tens digit of l(f)?
3
Let r(d) = -d**2 + d + 1. Let s be r(1). What is the hundreds digit of (-24)/(-6) - (s + -113)?
1
Suppose -2*q - q = 36. Let x be (-6)/q*0/(-3). What is the units digit of 27 - 5 - (x - 0)?
2
Suppose 0 = -3*p + 4*g + 451, -5*p + 3*g + 760 = -2*g. Suppose 269 + p = 3*x. What is the tens digit of x?
4
Let k(g) = g**2 + 6*g - 9. Let t = -4 + 8. Suppose -3*n - 2*n = 10, n - 14 = -t*p. What is the tens digit of k(p)?
3
Let v(q) = 7*q**3 - 32*q**2 + 39*q - 45. Let t(r) = -10*r**3 + 48*r**2 - 58*r + 68. Let z(j) = 5*t(j) + 7*v(j). What is the units digit of z(14)?
9
Let i = 15 - -5. Let y be 568/10 - -2*4/40. Suppose -i*n = -17*n - y. What is the tens digit of n?
1
Let l(s) = s**3 + 3*s**2 - s + 6. Let i be l(-5). Let j = i + 63. What is the tens digit of j?
2
Suppose 0 = -14*a + 8*a + 4176. Suppose -3*x + a = 207. What is the tens digit of x?
6
Let m(j) = -j - 9 - 2*j - 3*j + 8*j. Let s(r) = -5*r + 26. Let c(f) = 17*m(f) + 6*s(f). What is the units digit of c(2)?
1
What is the tens digit of 765/20 - (-2)/(-8)?
3
Let d(o) = 22*o**3 - 6*o**2 + 6*o + 3. What is the tens digit of d(3)?
6
What is the units digit of 1*282 - (-5 - -14)/3?
9
Suppose 5*v + 4*n = -n + 1430, 0 = 3*n. What is the hundreds digit of v?
2
Let l be (15/(-6) + 3)*62. Let x = -7 + l. Suppose q = x + 22. What is the units digit of q?
6
What is the tens digit of ((-171)/(-36))/(1/244)?
5
Suppose -14555 = -3*r - h + 6934, 5*r - 2*h = 35826. What is the hundreds digit of 4/(-6) - r/(-54)?
1
Suppose -237*x = -234*x - 816. What is the units digit of x?
2
Let q(b) = 7*b - 9. Let i be q(6). Let g = i + 32. What is the units digit of g?
5
Suppose 4*s + 0*w - 2870 = 2*w, -5*s - 5*w = -3625. Suppose -2*h = -8*h + s. What is the units digit of h?
0
Let k(f) be the second derivative of -f**5/20 - f**4/2 - f**3/6 + 13*f**2/2 + 35*f. What is the units digit of k(-6)?
9
Let j(d) = d**2 - 16*d - 55. What is the units digit of j(-5)?
0
Let g(j) = -10*j + 8. Let x = -29 + 11. Let b = 15 + x. What is the tens digit of g(b)?
3
Suppose 2*m = 1 + 15. Suppose 0 = 5*h - 4*t + 10, -2*h + 25 = 3*h + 3*t. Suppose 30 = h*s - m. What is the tens digit of s?
1
Suppose -2712 = 16*w - 28*w. What is the tens digit of w?
2
Suppose x = -2*d - 26, -4*d + x - 37 - 21 = 0. Let a be (d/(-3) - 2)*3. Suppose -a*k + 3*k = -45. What is the units digit of k?
9
Let f be (-6)/(9*3*(-2)/(-36)). What is the tens digit of (-2)/4 + (-598)/f?
4
Suppose -3*x - 32 - 5 = 5*v, x = -3*v - 15. What is the units digit of (1 + 83)/((-6)/x)?
6
Suppose 3*p - 3 = -2*i + 6, -4*p = 5*i - 12. Suppose i = -30*d + 33*d - 126. What is the units digit of d?
2
Let a(t) = -t**2 + 15*t + 37. Let h be a(17). What is the units digit of (12/(-4))/h*-61?
1
Suppose 577 = 4*g - 1459. What is the tens digit of g?
0
Suppose 4*m - 27 = -15. Suppose -m*n = -f - 4*f - 40, -48 = -5*n - f. What is the tens digit of n?
1
Suppose 45*m - 50*m = -8210. What is the units digit of m?
2
Let a = -17 + 23. Suppose -2*f + a = -3*h + 2*h, 3*h + 2*f = 14. Suppose 0*b - h*b = -86. What is the tens digit of b?
4
Suppose -13 + 24 = u. Let l = 13 - u. What is the units digit of l?
2
What is the units digit of (42850/(-20))/(((-28)/8)/7)?
5
Let l = -5 + -528. Let w = -312 - l. What is the tens digit of w?
2
Let f(h) = -4 - 4 - 4 + 2 - 2*h. What is the units digit of f(-6)?
2
Suppose -4*p - 5 = -5*p. Let a(z) = 2*z. Let t be a(p). What is the units digit of (136 - 0)*t/20?
8
Suppose -q + 275 = 4*q. Suppose 3*a + 4*u - 167 = 0, 0 = -a - 4*u + q + 14. Suppose -17 = -3*c + a. What is the tens digit of c?
2
Let f(m) = -26*m + 12. Let x be f(-5). Suppose 6*j + 28 = x. What is the tens digit of j?
1
Let h be 2 - (2 + -2) - -2. Suppose -4*a - h*u = 26 + 2, -4 = -2*a + 4*u. What is the units digit of (-32)/(a/6*3)?
6
Let k(f) = -f**3 + 4*f**2 - 3*f + 12. Let a be k(4). Suppose a = s - 18 - 14. What is the units digit of s?
2
Let h(n) = -4*n**3 - 5*n**2 - 7. Let m be h(-4). Suppose -b - 42 = -m. What is the tens digit of b?
2
Suppose 1880 = 2*o + 6*o. What is the hundreds digit of o?
2
Let h = -91 + 62. Let i = -26 -